er when 43 is divided by 10.
3
Calculate the remainder when 139 is divided by 18.
13
Calculate the remainder when 345 is divided by 44.
37
What is the remainder when 1072 is divided by 357?
1
Calculate the remainder when 1103 is divided by 10.
3
Calculate the remainder when 2412 is divided by 20.
12
What is the remainder when 86 is divided by 13?
8
Calculate the remainder when 4959 is divided by 1649.
12
Calculate the remainder when 692 is divided by 173.
0
What is the remainder when 3940 is divided by 58?
54
What is the remainder when 44 is divided by 25?
19
What is the remainder when 23 is divided by 6?
5
Calculate the remainder when 325 is divided by 82.
79
Calculate the remainder when 1049 is divided by 494.
61
Calculate the remainder when 9355 is divided by 4.
3
What is the remainder when 19 is divided by 5?
4
What is the remainder when 12258 is divided by 396?
378
What is the remainder when 1192 is divided by 46?
42
What is the remainder when 1512 is divided by 491?
39
What is the remainder when 110 is divided by 63?
47
What is the remainder when 364 is divided by 53?
46
What is the remainder when 1459 is divided by 43?
40
Calculate the remainder when 1997 is divided by 54.
53
Calculate the remainder when 34 is divided by 25.
9
What is the remainder when 1192 is divided by 52?
48
What is the remainder when 3431 is divided by 88?
87
Calculate the remainder when 284 is divided by 12.
8
What is the remainder when 1468 is divided by 30?
28
Calculate the remainder when 76 is divided by 43.
33
What is the remainder when 72 is divided by 3?
0
What is the remainder when 1424 is divided by 62?
60
What is the remainder when 5088 is divided by 1016?
8
What is the remainder when 2786 is divided by 469?
441
What is the remainder when 597 is divided by 50?
47
What is the remainder when 239 is divided by 83?
73
Calculate the remainder when 152 is divided by 136.
16
What is the remainder when 4816 is divided by 5?
1
What is the remainder when 328 is divided by 160?
8
Calculate the remainder when 2937 is divided by 84.
81
Calculate the remainder when 491 is divided by 8.
3
What is the remainder when 40 is divided by 34?
6
Calculate the remainder when 222 is divided by 23.
15
What is the remainder when 566 is divided by 11?
5
Calculate the remainder when 304 is divided by 34.
32
What is the remainder when 566 is divided by 63?
62
Calculate the remainder when 197 is divided by 40.
37
Calculate the remainder when 3999 is divided by 16.
15
What is the remainder when 507 is divided by 51?
48
What is the remainder when 452 is divided by 6?
2
Calculate the remainder when 67 is divided by 42.
25
What is the remainder when 1193 is divided by 19?
15
Calculate the remainder when 509 is divided by 17.
16
Calculate the remainder when 293 is divided by 7.
6
Calculate the remainder when 6334 is divided by 48.
46
Calculate the remainder when 782 is divided by 84.
26
Calculate the remainder when 374 is divided by 183.
8
What is the remainder when 215 is divided by 29?
12
What is the remainder when 111 is divided by 27?
3
Calculate the remainder when 855 is divided by 466.
389
Calculate the remainder when 161 is divided by 47.
20
Calculate the remainder when 93 is divided by 35.
23
Calculate the remainder when 337 is divided by 71.
53
Calculate the remainder when 947 is divided by 313.
8
What is the remainder when 367 is divided by 21?
10
What is the remainder when 5014 is divided by 57?
55
What is the remainder when 321 is divided by 65?
61
What is the remainder when 3513 is divided by 6?
3
Calculate the remainder when 13102 is divided by 36.
34
Calculate the remainder when 462 is divided by 78.
72
What is the remainder when 289 is divided by 102?
85
Calculate the remainder when 4039 is divided by 43.
40
Calculate the remainder when 1184 is divided by 18.
14
Calculate the remainder when 521 is divided by 92.
61
What is the remainder when 222 is divided by 207?
15
What is the remainder when 155 is divided by 17?
2
What is the remainder when 1164 is divided by 32?
12
What is the remainder when 112 is divided by 108?
4
Calculate the remainder when 50 is divided by 2.
0
Calculate the remainder when 182 is divided by 64.
54
Calculate the remainder when 185 is divided by 66.
53
What is the remainder when 1205 is divided by 201?
200
What is the remainder when 612 is divided by 86?
10
Calculate the remainder when 460 is divided by 130.
70
Calculate the remainder when 225 is divided by 12.
9
What is the remainder when 12147 is divided by 15?
12
What is the remainder when 10 is divided by 1?
0
Calculate the remainder when 7110 is divided by 21.
12
Calculate the remainder when 357 is divided by 75.
57
Calculate the remainder when 2200 is divided by 38.
34
What is the remainder when 281 is divided by 96?
89
What is the remainder when 489 is divided by 68?
13
What is the remainder when 18 is divided by 14?
4
What is the remainder when 130 is divided by 38?
16
Calculate the remainder when 81 is divided by 28.
25
What is the remainder when 46 is divided by 16?
14
What is the remainder when 618 is divided by 512?
106
What is the remainder when 325 is divided by 85?
70
What is the remainder when 2441 is divided by 269?
20
What is the remainder when 15441 is divided by 13?
10
What is the remainder when 98 is divided by 96?
2
What is the remainder when 5767 is divided by 54?
43
Calculate the remainder when 4481 is divided by 39.
35
What is the remainder when 37 is divided by 5?
2
What is the remainder when 189 is divided by 48?
45
Calculate the remainder when 8508 is divided by 152.
148
Calculate the remainder when 454 is divided by 38.
36
What is the remainder when 842 is divided by 121?
116
What is the remainder when 602 is divided by 299?
4
What is the remainder when 1660 is divided by 1651?
9
What is the remainder when 738 is divided by 39?
36
What is the remainder when 2454 is divided by 8?
6
What is the remainder when 353 is divided by 251?
102
Calculate the remainder when 766 is divided by 133.
101
What is the remainder when 7080 is divided by 3535?
10
Calculate the remainder when 88 is divided by 51.
37
What is the remainder when 619 is divided by 62?
61
What is the remainder when 257 is divided by 246?
11
What is the remainder when 240 is divided by 75?
15
Calculate the remainder when 408 is divided by 124.
36
Calculate the remainder when 63 is divided by 23.
17
What is the remainder when 203 is divided by 103?
100
Calculate the remainder when 311 is divided by 83.
62
What is the remainder when 3040 is divided by 608?
0
Calculate the remainder when 309 is divided by 102.
3
Calculate the remainder when 628 is divided by 15.
13
Calculate the remainder when 426 is divided by 8.
2
Calculate the remainder when 1061 is divided by 30.
11
Calculate the remainder when 3730 is divided by 188.
158
What is the remainder when 419 is divided by 69?
5
What is the remainder when 323 is divided by 68?
51
What is the remainder when 57 is divided by 5?
2
What is the remainder when 1144 is divided by 98?
66
What is the remainder when 379 is divided by 106?
61
Calculate the remainder when 24587 is divided by 18.
17
What is the remainder when 2023 is divided by 75?
73
Calculate the remainder when 2970 is divided by 1450.
70
What is the remainder when 4816 is divided by 6?
4
What is the remainder when 43 is divided by 26?
17
Calculate the remainder when 152 is divided by 40.
32
Calculate the remainder when 1126 is divided by 229.
210
Calculate the remainder when 444 is divided by 50.
44
What is the remainder when 611 is divided by 69?
59
Calculate the remainder when 87 is divided by 55.
32
Calculate the remainder when 404 is divided by 67.
2
Calculate the remainder when 51 is divided by 32.
19
What is the remainder when 717 is divided by 122?
107
Calculate the remainder when 264 is divided by 14.
12
What is the remainder when 715 is divided by 40?
35
Calculate the remainder when 6600 is divided by 200.
0
Calculate the remainder when 2540 is divided by 418.
32
What is the remainder when 6118 is divided by 20?
18
What is the remainder when 161 is divided by 4?
1
Calculate the remainder when 2637 is divided by 78.
63
What is the remainder when 655 is divided by 652?
3
Calculate the remainder when 372 